1 = 5*f. Suppose 4*x = o - 2209 + t, -x - 3777 = -2*o. Is o a prime number?
True
Let v be 9/(-45) + (-2)/(-10) + -1. Let w be 0/(3 - 16/(3 - v)). Suppose j = -k + 232, 3*k + 2*k - 4*j - 1205 = w. Is k a composite number?
True
Let d(l) = 13816*l + 3573. Is d(61) composite?
True
Suppose -b = 5*s - 990, -s - 5*b + 23 = -151. Suppose g + s = 2*g - 3*f, 5*g = 4*f + 1039. Is g a prime number?
True
Let r(o) = -o**3 - 11*o**2 - 11*o - 5. Suppose -s = -6*s - 50. Let t be r(s). Suppose 2*w = -q + 283, 0*w + 724 = t*w - 3*q. Is w a prime number?
False
Let y(h) = 7*h**3 + 28*h**2 + 23*h - 23. Let t(d) = -d**3 + d**2 - d - 2. Let w(v) = -3*t(v) - y(v). Is w(-22) a composite number?
False
Suppose -12*n = -30*n. Suppose -17*d + 16*d - 2*b + 3023 = n, 4*d + 2*b - 12074 = 0. Is d prime?
False
Suppose 4*o - 20 = -x, -3*x + 9 - 17 = -5*o. Suppose 2*g - 12598 = -o*j, -11*g + 12*g = 2*j - 6289. Is j a composite number?
True
Let p(x) = x**2 + 3*x - 29. Let c be p(5). Suppose 230 - 945 = -c*q. Is q prime?
False
Let d be 6/(-63) + 229/(-21). Let j(g) = -283*g - 6. Is j(d) composite?
True
Is (-5)/(-10) - (-416899)/14 prime?
False
Suppose -691*q + 690*q = 0. Suppose f - 2018 - 371 = q. Is f composite?
False
Let x(z) = 627*z + 15. Let c(q) = -627*q - 17. Let r(p) = -5*c(p) - 6*x(p). Is r(-2) a composite number?
False
Let m be 6/27 + 848/(-9). Let t(r) = -r**3 - 3*r**2 - 12*r + 9. Let g be t(-12). Let z = m + g. Is z prime?
False
Suppose 5*t + 1404 = -8216. Let s = t + 4257. Is s composite?
False
Let u(v) = -v**3 + 7*v**2 + 2*v - 9. Let q be u(7). Suppose 2*d - 22603 = -q*d. Is d a prime number?
True
Suppose -v - i - 1 = 0, v = 2*v + 3*i + 9. Let b(p) = -p**2 + p + 9. Let l be b(v). Suppose 968 = l*u - 37. Is u a prime number?
False
Suppose 0 = -46*d - 0*d + 258060. Suppose -z + 2*x = -7073, x + d = 2*z - 8527. Is z a composite number?
True
Let m(u) = -u**3 + 14*u**2 - 11*u + 11. Let y be m(13). Suppose 168718 = 59*h - y*h. Is h composite?
False
Let j = -648195 - -1446205. Is ((-4)/8)/((30/(-6))/j) prime?
True
Suppose -5*d + d = 4*t + 12, 3*t = d - 1. Is ((-5)/(-15))/((-30900)/(-30897) + t) prime?
True
Suppose 9*g - 5*g = 172. Suppose 44*j = g*j + 443. Is j prime?
True
Suppose 32*h - 141*h - 8723340 = -43771963. Is h prime?
True
Suppose 0 = -8*c - 14552 + 52520. Suppose 7*t - c = 4*t - 4*b, -t + 1587 = 3*b. Let g = t - -353. Is g a composite number?
False
Let m be (-10 + 4)*582/(-4). Let s = 37 + -61. Is (3 - m/(-12))/((-9)/s) composite?
True
Let d be -4*(3045/(-20) + -2). Is (-11 - -10)*(-1 - d - 1) a composite number?
False
Suppose -5*q = m + 10 + 9, 39 = 4*m - 3*q. Suppose 1434 = m*o - 1644. Suppose 5*a = -4*k + 1203, -3*k + 3*a = o - 1449. Is k prime?
True
Let f(i) = -10*i**3 + 5*i**2 - 5*i - 2. Let j be 1/(4/(-24)) + 1. Let u be f(j). Suppose 2*r - 4*t = u, -5*r + 6*t - 2*t = -3507. Is r composite?
True
Let c(t) be the second derivative of -499*t**3/6 + 23*t**2 + 134*t. Is c(-3) a composite number?
False
Let w(b) = b**3 + 18*b**2 - 23*b - 31. Suppose 42 + 79 = -11*k. Is w(k) composite?
False
Let x(h) = 214*h**3 - 4*h**2 - 8*h + 59. Let r be -4 - (-8 - (5 - 4)). Is x(r) prime?
True
Let n(j) = 3*j**2 - j - 70. Let f be n(9). Let y = -118 + f. Is y a prime number?
False
Let x(c) be the first derivative of 4*c**3/3 + 31*c**2/2 + 14*c + 53. Is x(-12) a prime number?
False
Let z = -100468 - -171237. Is z a composite number?
False
Let n(k) = -3258*k - 443. Is n(-11) prime?
False
Suppose -180 = -5*n - l, -13*l - 25 = -18*l. Suppose 44*y - 21618 = n*y. Is y a prime number?
False
Suppose 16*y = 13*y - 5748. Is y/(-16)*(2/1 + 2) prime?
True
Suppose -6 = -2*k, -h + 21 = 3*k + 4. Suppose -5*x + 3996 = -h*x. Let s = -847 - x. Is s composite?
True
Let h = 3 - -3. Suppose g = 4*t + 7, 4*t - 5 = -5*g + h. Suppose -g*l + 2*z + 109 = 3*z, 4*l - 5*z - 158 = 0. Is l a composite number?
False
Suppose 13*i - 851 = 85. Suppose 407865 = i*d - 57*d. Is d prime?
True
Suppose -21 = 2*m - 0*m - 5*h, 5 = -5*m + 3*h. Suppose -213 = a + m*q, -a + 4*q - 115 = 116. Let w = a - -410. Is w a prime number?
True
Let d be 0 + (-6 - -5)/((-3)/(-6)). Is (d + 1389/9)/(4/12) prime?
True
Is 2*(-9 - 430/60*-3891) a composite number?
True
Let r(a) = -22049*a**3 + 4*a**2 + 2*a. Is r(-1) prime?
True
Suppose -30018 - 261932 = -50*j. Is j a prime number?
True
Suppose -9*s + 2 = -8*s. Suppose -s*h + 204 = -738. Is h a prime number?
False
Let w = -5042 + 3448. Let c = w - -2273. Is c a prime number?
False
Let f(k) = 23*k**2 - 57*k - 24. Let o(l) = -l**2 - 4*l - 11. Let t be o(-5). Let q be f(t). Suppose -5*x + 3*w = w - 8461, 4*x + 2*w = q. Is x a prime number?
True
Is 42/28 + 4*54206/16 a composite number?
False
Suppose 5*j - 19 = 4*q + 13, -q = -5*j + 23. Suppose -4731 + 11847 = j*x. Is x prime?
False
Let y = -30 + 28. Is ((-442684)/(-132))/(y/(-6)) a composite number?
False
Suppose 0 = y + l - 54271, -10*l + 11*l - 108542 = -2*y. Is y a composite number?
True
Suppose 5*o = b - 44026, 0 = -5*b - 5*o + 80985 + 139025. Is b a composite number?
True
Is (33/((-396)/(-2194734)))/((-1)/(-2)) a composite number?
True
Is ((-60)/(-45))/(28/15544053) a prime number?
False
Suppose 0 = 2*h - 5*j + 10, 2*h - 3*j + 2 = -0*h. Let o be 1*(3 - (-2)/1). Suppose -131 = -0*k - 2*k - h*z, -o*z + 15 = 0. Is k a prime number?
False
Suppose -116*f + 17053051 = -24561389 - 33950048. Is f composite?
True
Let v(o) = -2*o**3 - 15*o**2 - 2*o + 6. Let x be v(-11). Let z = x - 2429. Let d = 2813 + z. Is d composite?
False
Suppose -o - 4 = 0, -4*r + 37*o = 38*o - 6047992. Is r prime?
True
Let n(c) = 5*c**2 + 10*c + 16. Let v(b) = 7*b + 3*b**2 - 3*b**2 + b**2 - 3 - 2*b**2. Let m be v(5). Is n(m) composite?
False
Suppose 365*k - 729*k + 732919 = -353*k. Is k composite?
False
Let d(f) = 44*f**2 + 15*f - 16. Let l be d(-12). Suppose -3*y - y + l = 0. Is y prime?
False
Let w = -18247 + 98235. Suppose 14*v - w = 10970. Is v a prime number?
False
Let b(v) = -1862*v**3 - 29*v**2 - 9*v - 9. Is b(-5) prime?
False
Let c = 117 - 110. Suppose 2*d + 2*o = c*d - 22861, -4*d = -4*o - 18296. Is d composite?
True
Let s be -79*(-18)/(-1 - -4). Suppose s + 1434 = 4*m. Is 0 - (0 + (-2 - m)) a composite number?
False
Let w be (3166 - 1)*-1*9/(-3). Let v = w + -2102. Is v a prime number?
True
Suppose 157*m - 75*m = 6586978. Is m prime?
True
Is -940636*((-8)/(16/(-10)))/(2 - 6) a composite number?
True
Suppose -2*z - 2*r = -4*z - 10, -2*z + 3*r = 15. Suppose 4*w - 5*m - 238 = 8954, z = -3*w - 3*m + 6867. Let y = 6914 - w. Is y a prime number?
True
Let z be (79 - -2)/(3*6/(-252)). Suppose 0*n - 1685 = -n. Let d = z + n. Is d prime?
False
Let c(q) = q**2 - 13*q + 19. Let l be c(2). Is 3 + -4 - (l - 28461) composite?
False
Is (-965350)/(-26) + ((-96)/(-128))/((-39)/(-8)) composite?
True
Let d(x) be the first derivative of -x**4/4 - 16*x**3/3 - 2*x**2 + 4*x + 94. Let n(y) = -18*y**2 - 2*y + 1. Let w be n(1). Is d(w) a composite number?
False
Is (8/(-6))/((-64)/2300784) a prime number?
True
Let u(g) = 55*g**2 - 10*g - 51. Is u(14) composite?
False
Is (5/(-6) + 1)/((183/(-6125778))/(-61)) composite?
False
Let g(n) = 4277*n**2 + 20*n - 52. Is g(3) prime?
True
Suppose 5*u = 16*u - 583. Suppose 0 = 59*n - u*n - 1914. Is n a composite number?
True
Suppose 104*b = 7005980 - 1495332. Is b a composite number?
True
Suppose v = 5*o - 1498691, -39*o = -38*o + 2*v - 299725. Is o composite?
True
Let x(l) = l**3 + 3*l**2 + l + 26. Let w be x(-4). Let q(s) = -4258*s**3 + 2*s**2 - 2*s. Let o be q(1). Is (-2 + w)*o/(-8) a prime number?
True
Let s = 35 - -22. Let t = s + -48. Is 15*((-3)/t)/((-1)/19) a composite number?
True
Let k(t) = -t**3 - 3*t**2 - 31*t + 357419. Is k(0) prime?
False
Let z = -5429 + 30277. Suppose 0 = 14*x - 18*x - 4*t + 19888, 5*x + t - z = 0. Is x a prime number?
True
Let q = 196094 - 102925. Is q a composite number?
False
Suppose -y = -6*y - 168615. Let f be (-1)/4 + y/(-12). Suppose 3*h + f = 8*h. Is h composite?
True
Let b(y) = 5942*y + 825. Is b(14) prime?
False
Suppose -h + 6874 = -4*p - 1564, 2*h = -p - 2105. Let t = p + 3606. Suppose t = -5*n + 2*u + 4082, 4*u = n - 517. Is n a composite number?
True
Let b(g) = 33309*g**2 - 22*g - 83. Is b(-4) composite?
False
Let f = 3367 + -1975. Let j = f + -973. Is j a prime number?
True
Let l = 185940 + -93611. Is l a c